{"id":239,"date":"2017-05-06T18:39:19","date_gmt":"2017-05-06T17:39:19","guid":{"rendered":"http:\/\/www.sebastienchevalier.com\/?page_id=239"},"modified":"2021-05-17T09:13:42","modified_gmt":"2021-05-17T08:13:42","slug":"contact","status":"publish","type":"page","link":"http:\/\/www.sebastienchevalier.com\/?page_id=239","title":{"rendered":"Contact"},"content":{"rendered":"<p><a href=\"http:\/\/www.sebastienchevalier.com\/wp-content\/uploads\/2020\/08\/image3-1.jpeg\" data-rel=\"lightbox-image-0\" data-rl_title=\"\" data-rl_caption=\"\" title=\"\"><img decoding=\"async\" loading=\"lazy\" class=\"wp-image-569  alignnone\" src=\"http:\/\/www.sebastienchevalier.com\/wp-content\/uploads\/2020\/08\/image3-1-150x150.jpeg\" alt=\"\" width=\"325\" height=\"325\" srcset=\"http:\/\/www.sebastienchevalier.com\/wp-content\/uploads\/2020\/08\/image3-1-150x150.jpeg 150w, http:\/\/www.sebastienchevalier.com\/wp-content\/uploads\/2020\/08\/image3-1-300x300.jpeg 300w, http:\/\/www.sebastienchevalier.com\/wp-content\/uploads\/2020\/08\/image3-1-768x768.jpeg 768w, http:\/\/www.sebastienchevalier.com\/wp-content\/uploads\/2020\/08\/image3-1-845x845.jpeg 845w, http:\/\/www.sebastienchevalier.com\/wp-content\/uploads\/2020\/08\/image3-1-800x800.jpeg 800w\" sizes=\"(max-width: 325px) 100vw, 325px\" \/><\/a><\/p>\n<p>Toutes les pi\u00e8ces sont disponibles \u00e0 la vente et \u00e0 l&rsquo;exposition.<\/p>\n<p>RDV possible \u00e0 l&rsquo;atelier en remplissant le formulaire suivant, merci.<\/p>\n<p style=\"text-align: left;\">\n<p style=\"text-align: left;\">\n<p style=\"text-align: left;\"><div role=\"form\" class=\"wpcf7\" id=\"wpcf7-f240-o1\" lang=\"fr-FR\" dir=\"ltr\">\n<div class=\"screen-reader-response\" role=\"alert\" aria-live=\"polite\"><\/div>\n<form action=\"\/index.php?rest_route=%2Fwp%2Fv2%2Fpages%2F239#wpcf7-f240-o1\" method=\"post\" class=\"wpcf7-form init\" novalidate=\"novalidate\">\n<div style=\"display: none;\">\n<input type=\"hidden\" name=\"_wpcf7\" value=\"240\" \/>\n<input type=\"hidden\" name=\"_wpcf7_version\" value=\"5.2\" \/>\n<input type=\"hidden\" name=\"_wpcf7_locale\" value=\"fr_FR\" \/>\n<input type=\"hidden\" name=\"_wpcf7_unit_tag\" value=\"wpcf7-f240-o1\" \/>\n<input type=\"hidden\" name=\"_wpcf7_container_post\" value=\"0\" \/>\n<input type=\"hidden\" name=\"_wpcf7_posted_data_hash\" value=\"\" \/>\n<\/div>\n<p><label> Votre nom (obligatoire)<br \/>\n    <span class=\"wpcf7-form-control-wrap your-name\"><input type=\"text\" name=\"your-name\" value=\"\" size=\"40\" class=\"wpcf7-form-control wpcf7-text wpcf7-validates-as-required\" aria-required=\"true\" aria-invalid=\"false\" \/><\/span> <\/label><\/p>\n<p><label> Votre e-mail (obligatoire)<br \/>\n    <span class=\"wpcf7-form-control-wrap your-email\"><input type=\"email\" name=\"your-email\" value=\"\" size=\"40\" class=\"wpcf7-form-control wpcf7-text wpcf7-email wpcf7-validates-as-required wpcf7-validates-as-email\" aria-required=\"true\" aria-invalid=\"false\" \/><\/span> <\/label><\/p>\n<p><label> Sujet<br \/>\n    <span class=\"wpcf7-form-control-wrap your-subject\"><input type=\"text\" name=\"your-subject\" value=\"\" size=\"40\" class=\"wpcf7-form-control wpcf7-text\" aria-invalid=\"false\" \/><\/span> <\/label><\/p>\n<p><label> Votre message<br \/>\n    <span class=\"wpcf7-form-control-wrap your-message\"><textarea name=\"your-message\" cols=\"40\" rows=\"10\" class=\"wpcf7-form-control wpcf7-textarea\" aria-invalid=\"false\"><\/textarea><\/span> <\/label><\/p>\n<p><input type=\"submit\" value=\"Envoyer\" class=\"wpcf7-form-control wpcf7-submit\" \/><\/p>\n<div class=\"wpcf7-response-output\" role=\"alert\" aria-hidden=\"true\"><\/div><\/form><\/div><\/p>\n","protected":false},"excerpt":{"rendered":"<p>Toutes les pi\u00e8ces sont disponibles \u00e0 la vente et \u00e0 l&rsquo;exposition. RDV possible \u00e0 l&rsquo;atelier en remplissant le formulaire suivant, merci.<\/p>\n","protected":false},"author":1,"featured_media":0,"parent":0,"menu_order":0,"comment_status":"closed","ping_status":"closed","template":"","meta":[],"_links":{"self":[{"href":"http:\/\/www.sebastienchevalier.com\/index.php?rest_route=\/wp\/v2\/pages\/239"}],"collection":[{"href":"http:\/\/www.sebastienchevalier.com\/index.php?rest_route=\/wp\/v2\/pages"}],"about":[{"href":"http:\/\/www.sebastienchevalier.com\/index.php?rest_route=\/wp\/v2\/types\/page"}],"author":[{"embeddable":true,"href":"http:\/\/www.sebastienchevalier.com\/index.php?rest_route=\/wp\/v2\/users\/1"}],"replies":[{"embeddable":true,"href":"http:\/\/www.sebastienchevalier.com\/index.php?rest_route=%2Fwp%2Fv2%2Fcomments&post=239"}],"version-history":[{"count":4,"href":"http:\/\/www.sebastienchevalier.com\/index.php?rest_route=\/wp\/v2\/pages\/239\/revisions"}],"predecessor-version":[{"id":756,"href":"http:\/\/www.sebastienchevalier.com\/index.php?rest_route=\/wp\/v2\/pages\/239\/revisions\/756"}],"wp:attachment":[{"href":"http:\/\/www.sebastienchevalier.com\/index.php?rest_route=%2Fwp%2Fv2%2Fmedia&parent=239"}],"curies":[{"name":"wp","href":"https:\/\/api.w.org\/{rel}","templated":true}]}}