{"id":207,"date":"2017-05-05T16:04:23","date_gmt":"2017-05-05T15:04:23","guid":{"rendered":"http:\/\/www.sebastienchevalier.com\/?page_id=207"},"modified":"2024-07-01T13:45:31","modified_gmt":"2024-07-01T12:45:31","slug":"expositions-scenographies-collections-privees","status":"publish","type":"page","link":"http:\/\/www.sebastienchevalier.com\/?page_id=207","title":{"rendered":"Expositions"},"content":{"rendered":"<hr \/>\n<p><strong><span style=\"color: #808080;\">Principales expositions et interventions artistiques r\u00e9centes<\/span><\/strong><\/p>\n<p>2023 Bordeaux (33) Lac C<\/p>\n<p>2023 Latresne (33)<\/p>\n<p>2022 Bordeaux (33) Galerie La Trame c\/z ZWA architecture<\/p>\n<p>2021 Gradignan (33) r\u00e9sidence de cr\u00e9ation au Lyc\u00e9e des Graves &#8211; ateliers et installations.<\/p>\n<p>2020 Lacanau (33)<\/p>\n<p>2020 &#8211; Exposition\/Installation \u00e0 La Cabane &#8211; M\u00e9diath\u00e8que de Sainte Eulalie (33)<\/p>\n<p>2019 \u00ab\u00a0Une vitrine, un artiste, un mois\u00a0\u00bb, Expo Juin, Pelleport, Bordeaux.<\/p>\n<p>2019, \u00ab\u00a03300 Tours\u00a0\u00bb, com\u00e9dien\/performance dans la pi\u00e8ce de Renaud Cojo, Glob&rsquo;Theatre, Bordeaux et Nouveau Th\u00e9atre de Nantes.<\/p>\n<p>2019, Exposition des planches pour la BD \u00ab\u00a0Kriss Valentin\u00a0\u00bb, Mai, Th\u00e9\u00e2tre du Levain, B\u00e8gles.<\/p>\n<p>2019, Art Gen\u00e8ve, Foire d&rsquo;Art Contemporain de Gen\u00e8ve, Suisse.<\/p>\n<p>2018 Galerie Sortie 13, Pessac.<\/p>\n<p>2018 Galerie ZAAD en d\u00e9placement, Cour Mably, Bordeaux<\/p>\n<p>2016 Galerie Le Citron, Bordeaux.<\/p>\n<p>2015 The Heartland Of James Pete James, Residence Rocher de Palmer, Cenon. 2011<\/p>\n<p>2015 Galerie Le Citron, Bordeaux.<\/p>\n<p>2013 Galerie ZAAD, Bordeaux<\/p>\n<p>2012-2013 Galerie Le 5, Bordeaux<\/p>\n<p>2010 Forum des Arts et de la Culture, Talence<\/p>\n<p>2008, Dessine moi une chanson, Les Carmes, Langon, IDDAC<\/p>\n<p>2007, Nicob\u00e9, mise en sc\u00e8ne du spectacle de Nicob\u00e9, Th\u00e9atre de Carcassonne.<\/p>\n<p>2006 Heroes, Th\u00e9atre de la Ville de Paris, CNDC Productions<\/p>\n<p>2006 Heroes, Fondation Serralves, Porto, CNDC Productions<\/p>\n<p>2005 Heroes, Grand Th\u00e9atre d\u2019Angers, CNDC Productions<\/p>\n\n\n<p>______________________________________________________________________________<\/p>\n\n\n\n<p><\/p>\n","protected":false},"excerpt":{"rendered":"<p>Principales expositions et interventions artistiques r\u00e9centes 2023 Bordeaux (33) Lac C 2023 Latresne (33) 2022 Bordeaux (33) Galerie La Trame c\/z ZWA architecture 2021 Gradignan (33) r\u00e9sidence de cr\u00e9ation au Lyc\u00e9e des Graves &#8211; ateliers et installations. 2020 Lacanau (33) 2020 &#8211; Exposition\/Installation \u00e0 La Cabane &#8211; M\u00e9diath\u00e8que de Sainte Eulalie (33) 2019 \u00ab\u00a0Une vitrine, &#8230;<\/p>\n","protected":false},"author":1,"featured_media":0,"parent":0,"menu_order":0,"comment_status":"closed","ping_status":"closed","template":"","meta":[],"_links":{"self":[{"href":"http:\/\/www.sebastienchevalier.com\/index.php?rest_route=\/wp\/v2\/pages\/207"}],"collection":[{"href":"http:\/\/www.sebastienchevalier.com\/index.php?rest_route=\/wp\/v2\/pages"}],"about":[{"href":"http:\/\/www.sebastienchevalier.com\/index.php?rest_route=\/wp\/v2\/types\/page"}],"author":[{"embeddable":true,"href":"http:\/\/www.sebastienchevalier.com\/index.php?rest_route=\/wp\/v2\/users\/1"}],"replies":[{"embeddable":true,"href":"http:\/\/www.sebastienchevalier.com\/index.php?rest_route=%2Fwp%2Fv2%2Fcomments&post=207"}],"version-history":[{"count":33,"href":"http:\/\/www.sebastienchevalier.com\/index.php?rest_route=\/wp\/v2\/pages\/207\/revisions"}],"predecessor-version":[{"id":1439,"href":"http:\/\/www.sebastienchevalier.com\/index.php?rest_route=\/wp\/v2\/pages\/207\/revisions\/1439"}],"wp:attachment":[{"href":"http:\/\/www.sebastienchevalier.com\/index.php?rest_route=%2Fwp%2Fv2%2Fmedia&parent=207"}],"curies":[{"name":"wp","href":"https:\/\/api.w.org\/{rel}","templated":true}]}}

<hr />
<p><strong><span style="color: #808080;">Principales expositions et interventions artistiques récentes</span></strong></p>
<p>2023 Bordeaux (33) Lac C</p>
<p>2023 Latresne (33)</p>
<p>2022 Bordeaux (33) Galerie La Trame c/z ZWA architecture</p>
<p>2021 Gradignan (33) résidence de création au Lycée des Graves &#8211; ateliers et installations.</p>
<p>2020 Lacanau (33)</p>
<p>2020 &#8211; Exposition/Installation à La Cabane &#8211; Médiathèque de Sainte Eulalie (33)</p>
<p>2019 « Une vitrine, un artiste, un mois », Expo Juin, Pelleport, Bordeaux.</p>
<p>2019, « 3300 Tours », comédien/performance dans la pièce de Renaud Cojo, Glob&rsquo;Theatre, Bordeaux et Nouveau Théatre de Nantes.</p>
<p>2019, Exposition des planches pour la BD « Kriss Valentin », Mai, Théâtre du Levain, Bègles.</p>
<p>2019, Art Genève, Foire d&rsquo;Art Contemporain de Genève, Suisse.</p>
<p>2018 Galerie Sortie 13, Pessac.</p>
<p>2018 Galerie ZAAD en déplacement, Cour Mably, Bordeaux</p>
<p>2016 Galerie Le Citron, Bordeaux.</p>
<p>2015 The Heartland Of James Pete James, Residence Rocher de Palmer, Cenon. 2011</p>
<p>2015 Galerie Le Citron, Bordeaux.</p>
<p>2013 Galerie ZAAD, Bordeaux</p>
<p>2012-2013 Galerie Le 5, Bordeaux</p>
<p>2010 Forum des Arts et de la Culture, Talence</p>
<p>2008, Dessine moi une chanson, Les Carmes, Langon, IDDAC</p>
<p>2007, Nicobé, mise en scène du spectacle de Nicobé, Théatre de Carcassonne.</p>
<p>2006 Heroes, Théatre de la Ville de Paris, CNDC Productions</p>
<p>2006 Heroes, Fondation Serralves, Porto, CNDC Productions</p>
<p>2005 Heroes, Grand Théatre d’Angers, CNDC Productions</p>


<p>______________________________________________________________________________</p>



<p></p>

<p>Principales expositions et interventions artistiques récentes 2023 Bordeaux (33) Lac C 2023 Latresne (33) 2022 Bordeaux (33) Galerie La Trame c/z ZWA architecture 2021 Gradignan (33) résidence de création au Lycée des Graves &#8211; ateliers et installations. 2020 Lacanau (33) 2020 &#8211; Exposition/Installation à La Cabane &#8211; Médiathèque de Sainte Eulalie (33) 2019 « Une vitrine, &#8230;</p>
